66, -42 = -3*a - 2*l + 5*l. Is u(a) prime?
True
Suppose 5*g - 181 - 314 = 0. Let w(x) = -g*x - 7*x + 8*x - 1. Is w(-6) a composite number?
False
Is (-33 + 27)*(0 + (-10628)/8) a prime number?
False
Let y(b) be the second derivative of -b**3/3 + 6*b**2 + 11*b. Let w be y(5). Suppose -4*r + 306 = 3*o - 713, -w*o + 764 = 3*r. Is r a composite number?
True
Let j(h) = -18*h**3 - 21*h**3 + 1 + 2*h**2 + 37*h**3 - 2 - 4*h. Let a be j(-3). Suppose -a = -4*o + 569. Is o composite?
False
Let l = -197512 - -567393. Is l a composite number?
True
Let s(l) = l**3 - 11*l**2 + 4*l + 21. Let p be s(10). Let w = p - -342. Let o = 1820 - w. Is o prime?
False
Let l(x) = 104*x**3 - x**2 + x. Let f be l(1). Let g = -97 + f. Suppose -2*v - 2 = 0, -4*o - v = -g*o + 2722. Is o prime?
True
Suppose 3*h - 26367 = 2496. Suppose h = 6*x - 2217. Is x composite?
False
Let v be (832/3)/((-2)/6). Let u = v + 2216. Suppose 0 = n - l - l - 461, 0 = -3*n + 5*l + u. Is n prime?
True
Let q(l) = 134*l**3 + 7*l**2 - 63*l - 121. Is q(11) a prime number?
False
Let p(u) = 61*u**3 + 4*u**2 - u + 1. Let x be p(4). Suppose 11*k - 28298 = x. Is k a composite number?
True
Suppose 38240 = m - 35241. Is m a prime number?
False
Let m(s) = 2*s**2 - 37*s + 21. Let o be m(18). Suppose 0 = 4*b - 8*b + 48. Suppose -5*r - 5*v = -4450, -v + b = o*v. Is r a prime number?
True
Let n = 1118 - 986. Let c be (1292/(-8))/((-3)/6). Let j = c - n. Is j a composite number?
False
Let z = -49 - -52. Is 30/(z/3) - 14/(-14) a composite number?
False
Let u = 2536 + -1532. Let o = u - 21. Is o composite?
False
Suppose 0 = -3*y + 4*c + 65489, 4*y = 6*y - 3*c - 43661. Let b = y + -14630. Is b a composite number?
False
Suppose -5*s - 9125 = -3*p - 4*s, 12172 = 4*p - 4*s. Is 2 + p - (-4 - 0) a composite number?
True
Suppose 0 = -t + 5, -710673 = 4020*k - 4021*k - 4*t. Is k composite?
True
Let j(a) = 2*a + 17. Let z be j(-7). Suppose 2*w - 3*p + 136 = p, z*p = -3. Is (29365/w)/(1/(-2)) a composite number?
False
Let x(s) = -15*s + 163. Let r be x(11). Is (-3)/1 + 3418*(-1)/r prime?
False
Let x(c) = -2*c + 1036*c**2 + 5 + 40 + 15*c + 9. Is x(-5) prime?
True
Let d(b) = 4*b**2 - 12*b - 11. Let m(h) = -3*h - 5. Let j be m(-3). Suppose 3*x - 34 = -x + r, 5*r = -j*x + 22. Is d(x) a composite number?
False
Suppose 7884*z = 7867*z + 1761421. Is z composite?
False
Suppose 0 = -44*h + 81*h - 1667405. Is h composite?
True
Let s(f) = -532*f - 1863*f - 396*f - 57. Is s(-8) composite?
False
Let v = -137 - -139. Suppose -4*z = -20, -v*m + 1329 - 108 = -5*z. Is m composite?
True
Let v(w) = -331*w + 49*w - 7 - 741*w - 57*w. Is v(-4) a prime number?
False
Suppose 0 = 5*v - 14395 - 27475. Suppose 0 = -3*l + 5*g + 12587, 0 = 2*l - 4*l - g + v. Is l composite?
True
Suppose 6*h - 138 = -0*h. Let t = h + -20. Suppose t*i + i - 478 = -2*p, i - p = 124. Is i a prime number?
False
Let o(u) = u**2 - 48*u - 110. Let x be o(27). Is x*(-9)/((-45)/(-35)) a prime number?
False
Let k(j) = 6*j**2 + 39*j + 160. Is k(47) prime?
False
Suppose 3*t + 3*q - 222246 = 0, -5*q = -185 + 165. Is t a composite number?
True
Suppose 110*q = -88*q + 14608344 + 25484478. Is q prime?
False
Let o(u) = -130*u + 124. Let y be o(-41). Let j = 9047 + y. Is j a composite number?
True
Let t(c) = -1294*c**3 - c**2 + 4*c + 11. Is t(-2) prime?
False
Suppose -2*h = -2*k + 12, -2*k + 3*h = 4*h. Let r be -5*(-5)/50*6. Suppose 1343 = r*v + g, -k*v + 3*g = -g - 872. Is v prime?
False
Let g = -18231 + 32402. Is g prime?
False
Is 121039 + (39/9 - 2/(11 - 5)) composite?
True
Let w = -25 + 31. Let g be w*3/30 - 68/(-20). Suppose -2*d + g*d - 118 = 0. Is d prime?
True
Suppose -373529 = -12*r - 104333. Is r a prime number?
True
Suppose -3*g = 2*a + 1, -3 = 2*g + a - 2*a. Let d(z) = -6222*z + 7. Is d(g) a prime number?
True
Let a = -3900523 + 5762382. Is a prime?
True
Suppose -8508 = 5*q + f, f = 4*q - 3*f + 6792. Let x = q + 3953. Suppose -3*t - x = -7*t. Is t composite?
False
Let z be (2/(-3))/(52/(-546)). Let q(g) = -g**3 - 5*g**2 - g - 1. Let m be q(-5). Is (-2661)/2*z/((-42)/m) composite?
False
Let r(w) = 16834*w + 363. Is r(2) a composite number?
False
Let k(g) = 3*g**2 + 12*g - 14. Let m be k(10). Suppose 5*s - 533 = -4*z + 2*s, m = 3*z - 4*s. Is z a composite number?
True
Let b(i) be the second derivative of i**5/20 + 17*i**4/12 - 2*i**3/3 - 6*i**2 + 31*i. Let q be b(-13). Let u = -85 + q. Is u a composite number?
False
Suppose 3*o = 2*l - 10427, 15*l - 16*l + 5224 = -5*o. Is l composite?
False
Suppose -27 - 47 = -u. Let q = u + 958. Suppose -8*a = -0*a - q. Is a a prime number?
False
Suppose -80 = 5*p - 7*p. Suppose 0 = -4*m + 12 + p. Suppose m*d = 4032 + 1077. Is d composite?
True
Suppose -2*p + 289213 = -z, -1183*z - 433826 = -3*p - 1188*z. Is p a prime number?
False
Let t be -2620*(20/16 + -2). Suppose -7*w + 39961 = t. Suppose 9*h - 1655 = w. Is h a composite number?
False
Is ((-67358)/5)/(271/(-1355)) a prime number?
False
Suppose 90757 = 3*o + 5*w - 98420, -4*w = 4*o - 252236. Is o prime?
True
Suppose -z + 14*z - 130 = 0. Suppose -z*w + 4*w + 15018 = 0. Is w composite?
False
Suppose -3*b - 10 = -2*y, -3*b + 3*y = b + 15. Let f = 672 + -666. Suppose -f*m + 5 + 7 = b. Is m a composite number?
False
Let k(l) = 19*l**2 + 6*l + 35. Let p be k(-6). Let f = p - -468. Is f a prime number?
True
Let d be (5/(5/3))/((-9)/192). Let h = -53 - d. Let m(j) = 3*j**2 - 19*j + 37. Is m(h) prime?
True
Suppose 249082 = -22*h + 23*h + 3*d, 0 = 4*h - d - 996328. Is h prime?
False
Let j = -2481 - -22030. Is j a composite number?
True
Suppose 3*a + 2246 = g, -2*a - 4480 = g - 3*g. Let q = 4480 - g. Is q prime?
True
Is 2*1874243/70*(-10)/(2/(-1)) prime?
True
Let q = 4176 + -2183. Let f = -1797 - -1045. Let w = f + q. Is w a prime number?
False
Let s be (1 - -4 - 1)*-3. Let f(q) be the second derivative of q**4/12 + q**3/3 - 9*q**2/2 - 331*q. Is f(s) prime?
False
Suppose 0 = 3*i - 6*v - 23721, -26*i + 2*v = -21*i - 39511. Is i prime?
True
Let p(i) = i**3 - i**2 - i. Let o(b) = -80*b**3 + 4*b**2 + 2*b - 3. Let c(y) = o(y) + 6*p(y). Let j(s) = s**2 + 5*s + 2. Let l be j(-4). Is c(l) composite?
True
Suppose 382*c - 380*c - 10 = 0. Suppose -c*v = 3*b - 2731, -4*b - 2*v - 3*v = -3638. Is b prime?
True
Let s(q) = 311*q**2 - 40*q + 58. Let k be s(-13). Suppose 30989 = 21*w - k. Is w a prime number?
False
Suppose 6*p - 2*p = 12, 5*p - 45 = -5*j. Suppose m + 0*y + j = -4*y, -3*y = -3*m + 12. Is m/(-4) - 766/(-4) composite?
False
Let d(x) = -2*x**2 - 48*x - 19. Let m(c) be the second derivative of c**3/6 + 37*c. Let v(b) = -d(b) - 4*m(b). Is v(-22) prime?
True
Suppose -75019 = -2*z - 5*z. Suppose -2*v + 3673 = -z. Is v prime?
False
Suppose 0 = 2*k - 6*k - 4, -5*k = a - 208. Let f = a + -410. Let x = f - -286. Is x a prime number?
True
Let t(g) = -g. Let y be t(7). Let b(r) be the second derivative of -r**5/10 + 5*r**4/6 - r**3/3 + 3*r**2/2 - 84*r. Is b(y) prime?
True
Let f(b) = -23678*b + 4557. Is f(-13) prime?
True
Is (((-668184)/18)/22)/((-2)/213) a composite number?
True
Let v be ((-6)/(-4))/((-2)/(-4)). Let a = -591 - -583. Is ((-2)/a)/(v/2148) prime?
True
Suppose -9*k + 76 = 4. Let r be (36/(-70) + k/(-28))*-5550. Let z = r - 2447. Is z composite?
False
Suppose -3537*b = -3549*b + 545772. Is b a prime number?
True
Is 1100/(-1375) - (-384389)/5 prime?
False
Let w be 2*-3023 + -9 + (-30)/(-3). Let v = w + 31886. Is v prime?
True
Let o(z) = -z**3 - 49*z**2 + 272*z - 71. Is o(-63) prime?
False
Let j(d) be the third derivative of 17*d**6/360 - 3*d**4/8 - 4*d**3 - 19*d**2. Let u(r) be the first derivative of j(r). Is u(-4) composite?
False
Let l = -1503940 + 4529529. Is l prime?
False
Let t be 15896 + 20/(-4) + 9. Let i = t - 9479. Is i a prime number?
True
Let f = -5 - -5. Suppose 2*i - 16 = 4*w, -w + 3 + f = 3*i. Is w/(-21) + 10944/28 prime?
False
Let s = 424899 + -209378. Is s composite?
False
Let q be 3/3 + (0 - -2) + 0. Let n be (5/3 - 2) + 6640/q. Let v = n - 1540. Is v prime?
True
Let a(o) = o**3 + 4*o**2 + 2*o + 2. Let j be a(-2). Let c be 3 + 137/(-6) + (-1)/j. Is c/30*(-9378)/4 composite?
True
Let k = -693 - -1086. Suppose 788 = i + i - t, -i + t = -k. Is i prime?
False
Suppose r - 498 = 2*u, -5*u + 7*r = 8*r + 1252. Suppose 0 = -3*l - 0*l - 315. Let w = l - u. Is w composite?
True
Let r = -4 - -7. Su